 -3 + (0 - (1 + -1)).
-3
Evaluate (-4 + 1 - -5) + -3 + 1.
0
Evaluate 5 + 0 + (-4 - 0) - 0.
1
What is 7 + (-2 - -8) + -10 + 3?
6
Calculate (-1 - 3) + (-43 - -42).
-5
What is -2 + 0 + (10 - 10 - -6)?
4
What is the value of 2 + -7 - -9 - 2?
2
Calculate 1 - (18 + -2 + -5 + -1).
-9
What is (-1 - -1) + (7 - 8 - 1)?
-2
-12 + 21 - 0 - 16
-7
What is 0 + 8 - (-4 + 7 + 2)?
3
Evaluate (10 - 23) + (5 - 2) + 5.
-5
What is the value of 7 - ((4 - 5) + 5)?
3
What is the value of 10 + (-12 - 11) - -13?
0
Calculate -2 - 0 - (-2 - (-6 + 3)).
-3
What is (-32 - -20) + (4 - -13)?
5
(1 - (3 - 0)) + -3
-5
Evaluate 4 + -5 + -8 + 1 - -17.
9
What is the value of (3 + -4 + 4 - 5) + -2?
-4
What is 1 + (1 - -2) + (-2 - -3)?
5
7 + -5 + 0 + -2
0
What is the value of 10 - (2 + -5 + 18)?
-5
What is the value of -10 + (-1 - -6) - -3?
-2
What is -5 + (2 - 3 - -4)?
-2
Evaluate -4 - -1 - (7 + (-1 - 4)).
-5
What is -2 + 3 - (-6 + 11)?
-4
What is the value of (-6 - 0) + (-39 - -50)?
5
-5 - (-3 + 1 + 0)
-3
Calculate 0 + (15 - 8) + -1 + 1.
7
Calculate (-7 - 0) + (12 - (5 + 5)).
-5
What is the value of 2 + (6 - 2) - 7?
-1
What is -8 + 6 + -3 + (0 - 1)?
-6
What is the value of (-17 + 12 - (-3 - 0)) + 4?
2
Evaluate -13 - -17 - (4 - -4).
-4
Calculate -4 + (-1 - -13 - 2).
6
Evaluate 7 - (0 - 0) - (-28 + 32).
3
Evaluate (2 - (5 - 0)) + 7.
4
What is the value of -3 + 2 - (-3 - 2)?
4
What is the value of (3 - 5) + 8 + -3?
3
-7 + 6 - (2 - 2)
-1
Evaluate -18 + 13 + 8 + 0 + -5.
-2
What is -1 - (-2 + 5) - (-1 + -7)?
4
What is (0 - (-8 + 7)) + 3 + 1?
5
Evaluate 4 - (1 - (0 + -4 - 3)).
-4
What is the value of 0 + (-6 - -10) - (-2 + 2)?
4
1 - -2 - 4 - (5 + -11)
5
What is the value of -1 - 1 - (-8 + (-2 - -5))?
3
What is (6 - (9 - -3)) + 12?
6
What is 0 + 1 + -4 - (-4 - 0)?
1
Evaluate (6 - (7 + 1)) + -4.
-6
-4 + (-3 - -4 - -2) + -2
-3
(4 - (-3 + 3)) + 1
5
Evaluate (2 - 5 - -2) + -1 - 0.
-2
What is (-3 - -1) + 9 + (-26 - -16)?
-3
-2 + 1 - (-6 - -5)
0
Evaluate -5 + 2 + -7 + 6.
-4
What is the value of -6 + 10 + 2 + -1?
5
What is 2 + (-4 - (6 - (13 + 0)))?
5
7 - (0 - (-2 + (-4 - -4)))
5
What is 9 + -1 + -14 + (2 - 4)?
-8
Calculate 6 + 3 - 3 - 6.
0
Calculate (24 - 27) + (0 - -7).
4
Evaluate -5 + 5 + (5 - -2).
7
Evaluate (2 - 1) + (7 - 0 - 3).
5
What is the value of (-3 - (2 + -1)) + 3?
-1
What is 11 - (8 + 2 + -4)?
5
Calculate 3 - 8 - ((5 - 3) + -3).
-4
Calculate 0 + 12 - (23 - 14).
3
Evaluate 0 - -5 - (-9 + 9).
5
Calculate 3 + -6 + (3 - -3).
3
(1 - 7) + -1 - (84 - 86)
-5
Calculate -7 + 3 - (1 - 14).
9
What is 7 - (-2 + -2 - -8)?
3
What is -4 - 1 - (-6 - -3)?
-2
(5 + -6 - -2) + -1 + 1
1
What is 2 - (10 + (0 - 3 - 1))?
-4
What is -7 - (-7 - (-8 + 13))?
5
What is the value of (-5 - -2) + (18 - 16)?
-1
-7 - (-2 + 9 - (6 + -2))
-10
Calculate -11 - (-27 + 8 + 6).
2
(-2 - -5) + 1 + -10 + 9
3
What is the value of -3 + (-4 + 1 + 3 - -4)?
1
Evaluate 8 + (1 - (-3 - -18)).
-6
Calculate (-7 - (-6 + 5)) + 3.
-3
4 + -11 - (-3 + 1)
-5
Evaluate 12 - (6 + 18) - -20.
8
Calculate -2 + 4 + (-6 - -1).
-3
What is 2 + -2 + (-6 - (-3 - 0))?
-3
What is 2 + -3 - (3 - 7)?
3
-1 + -4 - (-7 + -6 + 9)
-1
Evaluate -12 - -5 - (-12 - -5).
0
Calculate -1 + (-1 - -2) + -1 + 3.
2
Calculate 5 - (5 - -2) - -7.
5
Evaluate 97 + -88 + -1 + -12.
-4
What is the value of -5 + (1 - -2) + (-1 - -7)?
4
-13 - -11 - (-1 + (5 - 4))
-2
What is the value of 1 + -8 - (-144 - -138)?
-1
Evaluate -3 - 6 - 0 - -5.
-4
What is the value of (7 - 18 - -8) + (2 - 2)?
-3
Calculate 6 + (-18 - 0 - -8).
-4
Evaluate -3 + 0 + 1 - (-1 + 0).
-1
-3 + -1 - (-5 - (-6 + 3))
-2
Evaluate (-3 - (9 + 3 + -4)) + 7.
-4
Evaluate -8 - -19 - (1 - -5).
5
2 - (0 + 8) - -5
-1
What is the value of 5 - (3 + -10 - (-6 + -13))?
-7
What is the value of (3 - -1) + 0 + 6 + -13?
-3
(4 - (4 + 1)) + -1 + 2
0
What is the value of 1 + (3 - (3 + 1))?
0
What is -2 + 1 - (1 + -6 - -7)?
-3
What is the value of -7 - (-7 - -3) - -1?
-2
What is 12 - (20 - (-4 - -13))?
1
Evaluate 4 + (-5 - -3) + 1.
3
Evaluate (4 - 0) + 4 + -4.
4
Evaluate 7 + (-17 - (-12 - 1)).
3
Evaluate (4 - (2 - 3)) + 0.
5
What is the value of -1 - (-4 - -5 - (-5 + 3))?
-4
(32 - 29 - (-5 - -1)) + -2
5
Evaluate (-2 - -1 - -4) + (1 - 5).
-1
What is 0 + (0 - -4 - 5) + 0?
-1
Evaluate 1 + -1 - (7 + -2).
-5
What is the value of 4 + (6 - 3 - 7) - 2?
-2
What is (-3 - -7) + -3 - (-1 - -1)?
1
(1 - 3) + (-3 - (-10 - -6))
-1
Evaluate 11 + 2 + 20 + -38.
-5
Calculate 0 - 0 - (-4 - (-1 + -1)).
2
Calculate 2 - (10 - 5 - 6) - 7.
-4
What is (-3 - (4 + -1)) + 4?
-2
(-1 + -8 - -9) + -8
-8
Evaluate -20 + 11 + 0 + 10.
1
Evaluate -3 + (8 - 2) + 0.
3
Calculate 6 + 1 - ((5 - 4) + 2).
4
What is (-2 - (-3 + -2)) + -2 - -4?
5
(-4 - 3) + 9 + 0 + 0
2
Evaluate 0 - (0 - (1 - -5)).
6
Evaluate 1 + (-6 - -3) + 2.
0
What is -5 + -1 + 0 + (-6 - -12)?
0
Evaluate (5 - (9 + -5)) + 0.
1
What is the value of -3 + (-5 - (-11 + 9))?
-6
What is the value of (-7 - -1 - -7) + 0?
1
Evaluate (-15 - (-3 + -1)) + 6.
-5
Calculate -1 - 0 - 8 - (2 + -9).
-2
Calculate -5 + (1 + 1 - -3).
0
Evaluate (1 - 4) + (-3 - -9).
3
Evaluate 4 + -4 + 0 + -2.
-2
Calculate -1 - 1 - (5 + -4 + 2).
-5
Evaluate 21 + -21 - (11 - 1).
-10
What is 3 - (2 + 7 - 14)?
8
Evaluate 2 - (3 + -4) - (13 + -18).
8
What is -2 + (-4 - (-9 + -2))?
5
(0 - (0 + 6)) + (1 - -2)
-3
Calculate 7 + -11 - ((7 - 1) + -8).
-2
1 + 3 - ((-10 - -11) + 2)
1
Calculate -14 + 7 - (4 - (13 + -4)).
-2
Evaluate 2 + -2 + 4 - 3.
1
What is the value of 0 - ((0 - -6) + (2 - 13))?
5
Calculate -4 + -3 + (9 - 2).
0
-5 + 2 + (2 - 1)
-2
Evaluate 21 - 12 - (15 - -1).
-7
Calculate (1 - (-5 + 8)) + 7 - 0.
5
What is the value of 0 - (0 + 1 - -3)?
-4
Evaluate 11 - 4 - (1 + 13).
-7
Calculate 4 + 1 + -13 + 7.
-1
What is the value of 13 - (-13 + 22 + 6)?
-2
(5 - 0) + 25 + -28
2
(3 + -6 - -5) + 3
5
7 + 4 + -5 + -2
4
What is the value of -1 + -3 - (3 + -15)?
8
What is -19 - -35 - (9 - 0)?
7
What is the value of (3 - 7) + 1 + 4?
1
Evaluate 4 + (5 - (5 - 6)) + -4.
6
What is the value of 5 - (-10 + 3 - -14)?
-2
(-6 - -2) + (-2 - -6) - 6
-6
-4 - (-7 + 4 - 2)
1
What is (-5 - -3) + 4 - 5?
-3
What is the value of 7 - -1 - (6 + -1 + -2)?
5
-1 + 5 - (10 + -8 + -3)
5
What is -14 - (1 - (-2 + 10))?
-7
Calculate (-12 - (-24 + 11)) + 0.
1
18 + -12 + 3 - 8
1
0 - 5 - (13 + -22)
4
-14 + (0 + 17 - 6)
-3
Calculate -90 - -83 - (-8 - -1).
0
Evaluate (-7 - -2) + 5 + -11 - -6.
-5
Evaluate 2 - (-2 + 6 + -2) - -2.
2
What is the value of -7 + (8 - 3) - -5?
3
What is the value of (-1 - 13) + 5 - -9?
0
Calculate -3 + (-4 + 0 - -5).
-2
What is the value of 4 + 0 + -4 + -17 + 13?
-4
Calculate 2 + 2 + 1 + -3.
2
What is -1 + 0 - (1 + (-12 - -8))?
2
(-2 - (1 + 0)) + 9 + -8
-2
Evaluate (5 - 5) + 8 + -5.
3
What is -19 - -16 - (0 - -1)?
-4
Evaluate (-7 - 1) + (35 - 31).
-4
Evaluate (1 - 2) + -6 + 6.
-1
What is 1 - -1 - (-2 + 0) - 1?
3
Evaluate 1 + -3 + 2 - -5.
5
What is the value of 2 - (-7 + 10 + -3)?
2
-7 + 1 - (-3 + -4 - -4)
-3
What is -1 - ((1 - (4 - 4)) + 1)?
-3
Calculate (-3 - -2 - (9 + -10)) + 4.
4
2 + -1 + 7 + -2 + -3
3
What is the value of -10 - 0 - (67 + -71)?
-6
What is the value of 7 + -2 + -1 + -5?
-1
Evaluate (4 - (7 - 1)) + 7 + 0.
5
Evaluate -8 + (10 - 7 - -4).
-1
What is (56 - 58) + (0 - -1)?
-1
Calculate 3 + (4 - (0 - (-3 + -3))).
1
6 - (4 + (2 - 1))
1
Calculate 7 + (-6 - -3 - 4).
0
Calculate (1 - 1) + -3 + 6 - 1.
2
7 + (-11 + 1 - (-5 + 0))
2
What is the value of 9 + 1 + -5 + -1 + 1?
5
What is -3 - (-2 + -2 + 1) - -3?
3
11 - (10 - -4) - -5
2
What is (6 - 0) + 0 - (3 - 0)?
3
7 - (-7 - -10) - (-1 + 7)
-2
Evaluate -2 - 7 - (3 + -20).
8
Calculate -12 - (-1 - 1) - (-14 - -9).
-5
What is (2 - (3 - 2)) + (9 - 5)?
5
Evaluate -2 + -1 + 14 + -5 + -12.
-6
What is the value of 1 + (-3 - 0) + 2 + -3?
-3
Evaluate -9 - -17 - (0 + (3 - -1)).
4
Calculate -4 + -7 + 2 - -15.
6
Evaluate (6 + -10 - -2) + 3.
1
Evaluate (-3 - 0) + (-137 - -133).
-7
Evaluate (4 - 3) + 1 + -1.
1
Calculate 11 - 4 - (5 + -4) - 6.
0
What is (-6 + 11 - 8) + 6?
3
-2 + (2 + (-4 - -2) - 0)
-2
Calculate 2 - (3 + 6 - 4).
-3
What is (-10 - (-8 + -3)) + (-2 - -10)?
9
What is the value of -1 - 3 - (7 + -15 - -8)?
-4
34 - 22 - (-4 + 25)
-9
What is 2 - (3 - ((5 - 2) + 2))?
4
Calculate (10 - 0 - 5) + -7.
-2
What is the value of -5 + 9 - (4 + (6 - 11))?
5
Calculate -1 + 0 + 1 - (-35 + 30).
5
-2 + (2 - 3) + 0 - 0
-3
What is the value of -15 